{"id":52,"date":"2010-12-09T18:36:01","date_gmt":"2010-12-09T17:36:01","guid":{"rendered":"http:\/\/192.168.0.9\/wedding\/?page_id=52"},"modified":"2011-06-24T10:30:18","modified_gmt":"2011-06-24T08:30:18","slug":"meny","status":"publish","type":"page","link":"https:\/\/isakssons.net\/wedding\/?page_id=52","title":{"rendered":"Meny"},"content":{"rendered":"<p>Menyn \u00e4r nu klar!<\/p>\n<p><strong>Buff\u00e9<\/strong><\/p>\n<ul>\n<li>Cocacolamarinerad fl\u00e4skfil\u00e9<\/li>\n<li>Chilirubbad kycklingfil\u00e9<\/li>\n<li>Pepparstekt lax<\/li>\n<\/ul>\n<ul>\n<li>Potatissallad med senapsdressing och persilja<\/li>\n<li>Rotsaks\/Potatissallad med jordgubbar och aprikoser<\/li>\n<li>Kr\u00e4mig potatissallad med pepparrot<\/li>\n<li>Tre olika s\u00e5ser; roms\u00e5s, morotstzatziki och mangos\u00e5s<\/li>\n<\/ul>\n<p>Till detta finns hembakat br\u00f6d, sm\u00f6r och ost och sallad.<\/p>\n<p>Till maten serveras r\u00f6tt vin. Alternativt finns vitt vin och \u00f6l. Alkoholfria alternativ finns bredvid buff\u00e9bordet. D\u00e4r finns l\u00e4sk, Loka, alkoholfritt vin och Festis.<\/p>\n<p><strong>Efterr\u00e4ttsbuff\u00e9<\/strong><\/p>\n<ul>\n<li> Hallonsorbet<\/li>\n<li>Fl\u00e4dersorbet<\/li>\n<li>Ploppglass<\/li>\n<li>Marr\u00e4ngswissglass<\/li>\n<li>Lemoncurdglass<\/li>\n<\/ul>\n<p>Till efterr\u00e4ttsbuff\u00e9n finns minimar\u00e4nger, str\u00f6ssel, kolas\u00e5s, kaffe\/te och avec.<\/p>\n<p><strong>T\u00e5rtbuff\u00e9<br \/>\n<\/strong><\/p>\n<ul>\n<li><span style=\"font-weight: normal;\">Lakrits\/hallon &#8211; Hallonmousset\u00e5rta med choklad- och lakrtisbotten.<\/span><\/li>\n<li><span style=\"font-weight: normal;\">Chili\/mango &#8211; Mangomousset\u00e5rta med choklad- och chilibotten.<\/span><\/li>\n<li><span style=\"font-weight: normal;\">Citron\/ingef\u00e4ra &#8211; Citronmousse med choklad- och ingef\u00e4rsbotten.<\/span><\/li>\n<li>Br\u00f6llopst\u00e5rta &#8211; Marsipant\u00e5rta med hallonsylt och vaniljkr\u00e4m.<\/li>\n<\/ul>\n<p>Till t\u00e5rtbuff\u00e9n serveras mousserande vin, kaffe\/te, l\u00e4sk och Festis.<\/p>\n","protected":false},"excerpt":{"rendered":"<p>Menyn \u00e4r nu klar! Buff\u00e9 Cocacolamarinerad fl\u00e4skfil\u00e9 Chilirubbad kycklingfil\u00e9 Pepparstekt lax Potatissallad med senapsdressing och persilja Rotsaks\/Potatissallad med jordgubbar och aprikoser Kr\u00e4mig potatissallad med pepparrot Tre olika s\u00e5ser; roms\u00e5s, morotstzatziki och mangos\u00e5s Till detta finns hembakat br\u00f6d, sm\u00f6r och ost och sallad. Till maten serveras r\u00f6tt vin. Alternativt finns vitt vin och \u00f6l. Alkoholfria alternativ [&hellip;]<\/p>\n","protected":false},"author":1,"featured_media":0,"parent":0,"menu_order":50,"comment_status":"closed","ping_status":"closed","template":"","meta":{"ngg_post_thumbnail":0,"footnotes":""},"class_list":["post-52","page","type-page","status-publish","hentry"],"_links":{"self":[{"href":"https:\/\/isakssons.net\/wedding\/index.php?rest_route=\/wp\/v2\/pages\/52"}],"collection":[{"href":"https:\/\/isakssons.net\/wedding\/index.php?rest_route=\/wp\/v2\/pages"}],"about":[{"href":"https:\/\/isakssons.net\/wedding\/index.php?rest_route=\/wp\/v2\/types\/page"}],"author":[{"embeddable":true,"href":"https:\/\/isakssons.net\/wedding\/index.php?rest_route=\/wp\/v2\/users\/1"}],"replies":[{"embeddable":true,"href":"https:\/\/isakssons.net\/wedding\/index.php?rest_route=%2Fwp%2Fv2%2Fcomments&post=52"}],"version-history":[{"count":11,"href":"https:\/\/isakssons.net\/wedding\/index.php?rest_route=\/wp\/v2\/pages\/52\/revisions"}],"predecessor-version":[{"id":376,"href":"https:\/\/isakssons.net\/wedding\/index.php?rest_route=\/wp\/v2\/pages\/52\/revisions\/376"}],"wp:attachment":[{"href":"https:\/\/isakssons.net\/wedding\/index.php?rest_route=%2Fwp%2Fv2%2Fmedia&parent=52"}],"curies":[{"name":"wp","href":"https:\/\/api.w.org\/{rel}","templated":true}]}}